second derivative of k**4/12 - k**3/6 + 8*k. Let a be v(8). Calculate the highest common factor of a and 7.
7
Let b(t) = -t + 24. Let h be b(0). Let r = h - 22. Suppose g - 8 = -3*v, 4*g - r*v - 101 + 13 = 0. What is the highest common divisor of g and 80?
20
Let i be 1 - (314/(-8) - (-4)/16). Calculate the greatest common divisor of 40 and i.
40
Suppose h - 2*n = 15, -51 = -3*h + 39*n - 36*n. Calculate the highest common divisor of 1159 and h.
19
Let z(k) = -k + 38. Let i be z(18). What is the greatest common divisor of i and 5?
5
Suppose -v + 13 = -q - 90, 410 = 4*v - 5*q. Let r be ((-35)/(-4))/(85/204). What is the highest common divisor of v and r?
21
Suppose g - 2*g - 64 = 0. Let p be (-1*4)/(16/g). Calculate the highest common divisor of 272 and p.
16
Let y be ((-2112)/80)/(4/320*-6). Calculate the greatest common factor of 256 and y.
32
Let y = 486 + -213. What is the greatest common divisor of 21 and y?
21
Suppose 5*q = -6 - 44. Let l be (-1438)/q - 1/(-5). Calculate the greatest common factor of l and 18.
18
Let p be 36/(-126) + (-228)/(-14). Let l = -10 + p. Suppose 30 = l*z + 6. Calculate the greatest common divisor of z and 28.
4
Let c(a) = -2*a + 5. Let j be c(-4). Suppose 260 = 4*r - 156. Calculate the greatest common factor of j and r.
13
Suppose -20*g = -2251 - 809. What is the highest common factor of g and 170?
17
Let r(t) = t**2 + 14*t + 10. Let q be r(-13). Let p be 3 + ((-732)/4)/q. Let w(s) = -6*s - 8. Let l be w(-4). What is the greatest common divisor of l and p?
16
Suppose 0*k = 2*k - 18. Let o = -34 - -36. Suppose 0 = -3*p - o + 11. What is the greatest common factor of p and k?
3
Suppose 0 = -3*f - 3, -2*l + 773 = l - 14*f. Calculate the highest common factor of 23 and l.
23
Let a = 35 + -19. Suppose -4 + 24 = 5*v. Let z(d) = d**3 - 4*d**2 + d. Let t be z(v). Calculate the highest common factor of a and t.
4
Let n be 1/((-2)/(-172)) + (69 - 67). What is the highest common divisor of 11 and n?
11
Let d be (-1 - (-17)/5)*100/6. Let g be (-10)/d + (-482)/(-8). What is the greatest common divisor of 12 and g?
12
Suppose 4*i + 0 - 8 = 5*q, 10 = 5*i. Suppose 4*v + 60 - 160 = q. Calculate the greatest common divisor of v and 75.
25
Suppose -j = -b - 35, -85 = -2*j - 0*b - b. Calculate the highest common factor of j and 35.
5
Let z be (-52)/(((-3)/(-2))/(-3)). Suppose 18*s - 171 - 63 = 0. Calculate the highest common factor of z and s.
13
Suppose -16 = 5*u - 86. Let n(g) = g**3 - 13*g**2 - 9*g. Let a be n(u). What is the greatest common factor of 10 and a?
10
Let j(p) = -5*p**2 - 5*p + 5. Let z be j(4). Let h = z - -120. Calculate the highest common divisor of 25 and h.
25
Let g be 135 + 10 + -6 + (1 - -4). Calculate the greatest common factor of g and 108.
36
Let b be 2/((-35)/(-10) - 3). Suppose 108 = b*s - 312. Suppose -2*z - u - 33 = -4*z, -42 = -2*z + 4*u. Calculate the greatest common divisor of z and s.
15
Let l(r) = 6*r**2 + 11*r - 9. Let s be l(-9). What is the highest common factor of 21 and s?
21
Let g = 1234 + -1099. What is the greatest common divisor of 54 and g?
27
Let b(k) = 4*k - 14. Let t be b(-6). Let i = t - -57. Calculate the highest common divisor of i and 171.
19
Suppose 5*d + 10 = 0, -d + 4 = -x - 6*d. Calculate the highest common divisor of 492 and x.
6
Let i be 3147*(-7)/(-147) + 2/14. What is the highest common divisor of i and 30?
30
Let x be (-21)/(-7)*(8 - 2). Let b be 68/x - 30/(-135). Calculate the highest common divisor of 12 and b.
4
Let h(b) = 4*b - 18. Let f(m) = -5*m + 17. Let y(j) = -3*f(j) - 4*h(j). Let r be y(11). What is the highest common factor of r and 25?
5
Let z(r) = 69*r - 25. Let h be z(1). Suppose w + 3*i - 6 = 1, -5*w = -2*i - 18. What is the greatest common divisor of w and h?
4
Let i(c) = -2*c**2 - 36*c + 33. Let u be i(-18). Calculate the highest common divisor of u and 660.
33
Let i(f) = f**2 - 6*f - 1. Let s be i(10). Suppose 0 = 4*j - 4, 0*b - 4*b - 3*j = -s. Calculate the highest common factor of b and 135.
9
Suppose 146 = 4*q + 2*i - 7*i, 0 = -3*q - i + 100. Let u = q + -13. What is the greatest common factor of 21 and u?
21
Let w(h) = -2733*h**3 + 2*h**2 - 1. Let p be w(-1). Let k be 3/24 - p/(-16). Calculate the highest common factor of 19 and k.
19
Let r be 18088/756 - 8/(-108). Calculate the greatest common factor of 1044 and r.
12
Let u(a) = -4*a. Let y be u(0). Let z(r) = -r**3 + 3*r + 15. Let i be z(y). What is the greatest common factor of i and 150?
15
Suppose 1090*a - 1106*a + 16 = 0. What is the greatest common factor of 218 and a?
1
Let w = -755 - -1161. What is the greatest common divisor of w and 29?
29
Let n be 11/((-3)/(-1 - 2)). Let j be 2/(-5) - (-104)/10. Let a = j + 1. What is the highest common divisor of n and a?
11
Let a be (-5)/10 + 1668/8 + -4. Calculate the highest common factor of a and 108.
12
Suppose -g + 29 + 55 = 0. Let w = 3376 - 3352. Calculate the highest common divisor of g and w.
12
Let s = 608 + -421. Calculate the highest common factor of s and 17.
17
Let w(z) = z**2 + 6*z - 67. Let v be w(10). What is the greatest common divisor of v and 155?
31
Suppose f - 2*f + b = -51, 4*b = 5*f - 252. What is the highest common divisor of f and 12?
12
Let a be (2/(-8))/(3/(-108)). Let n(u) = -19 + 11*u - 2*u**2 + u**2 + 5. Let x be n(a). What is the greatest common divisor of x and 32?
4
Let u(p) = p**3 - 5*p**2 + 10*p + 33. Let n be u(6). What is the greatest common factor of n and 6?
3
Let h be -2 - (24 + -1)*-1. Let z(i) = -34*i - 360. Let p be z(-11). Calculate the highest common divisor of p and h.
7
Let v(z) = -2*z + 111. Let p(a) = a - 110. Let b(d) = -3*p(d) - 2*v(d). Let l be b(0). Suppose 180 = 15*g - 5*g. What is the greatest common factor of g and l?
18
Let w be 582/(-18) + (-2)/(-6). Let p = w - -34. Calculate the greatest common divisor of p and 2.
2
Suppose -2*r = 2*r. Suppose r = -5*u - 10 - 5. Let z be (-3)/u*(10 + 3). What is the highest common divisor of z and 26?
13
Let u = -247 - -385. What is the highest common factor of u and 69?
69
Suppose 0 = -2*t + 1 - 5. Let p = t - -40. Calculate the greatest common divisor of p and 57.
19
Let i(w) = 3*w**2 - w + 4. Let h be i(2). Let m be 26/91 + 52/h. Calculate the greatest common divisor of 36 and m.
4
Suppose -b = 5*d - 319 - 812, 3*b - 1133 = -5*d. Suppose 2*w = 4*n - d, n - 70 = -0*n + 5*w. What is the highest common divisor of 5 and n?
5
Suppose 0 = 2*f - 4*f + 2. Let j be f/3*1*234. Suppose w + 264 = 5*q, 0 = 8*q - 3*q + 4*w - 244. Calculate the highest common factor of q and j.
26
Suppose 0 = b + 2*j - 11, 12 - 2 = -5*j. What is the highest common divisor of 435 and b?
15
Suppose -81*z + 84*z = 5*r - 85, 3*r - 65 = -z. Let a be (64/(-6))/(1/(-15)). Calculate the greatest common divisor of r and a.
20
Let r = -9 + 14. Suppose 12*k = k + 341. Suppose 39 + k = 14*j. What is the highest common factor of r and j?
5
Let c(r) = -r**2 - 16*r - 32. Let y be c(-3). Calculate the highest common factor of y and 1.
1
Let m be -9 - 12 - (2 + -1). Let y = 29 + m. What is the highest common divisor of 35 and y?
7
Let y be -7 + 2 + -2 - 2295/(-27). Calculate the highest common factor of 442 and y.
26
Suppose 0 = -14*d + 1585 + 10063. What is the greatest common divisor of d and 520?
104
Let b(r) = -r**3 - 2*r**2 + r + 4. Let q be b(0). Suppose 4 = 2*w + z, 3*w - 6*w + 4*z + 28 = 0. Calculate the highest common factor of q and w.
4
Let h be (-38)/(-3)*15/10. Suppose -k + 272 = 101. What is the highest common factor of k and h?
19
Let y be (-1947)/(-59) - (-3)/((-1)/1). What is the greatest common factor of 870 and y?
30
Suppose -37*a + 36*a + 100 = 0. What is the highest common divisor of a and 175?
25
Let x(q) = -q**3 - 9*q**2 - 13*q - 12. Let p be x(-8). What is the highest common divisor of p and 868?
28
Let z be 9*((-17)/68 - 35/(-12)). What is the highest common divisor of 3 and z?
3
Let b = -438 + 617. Let y = -114 + b. Suppose 4*r - y = -3*x, 5*x = -3*r + 32 + 58. What is the highest common divisor of 6 and x?
3
Suppose 12*c = 1092 - 60. What is the highest common factor of 43 and c?
43
Let y(r) = r**2 + 10*r + 13. Let s be y(-9). Let c be 5 + 3 + -4 + s. Calculate the greatest common factor of 48 and c.
8
Let x be 34 - 1/(2/(-6)). Suppose -5*o - i = 4*i + 90, 3*i - 51 = 2*o. Le